 -8037 (base 12) to base 16.
-362b
What is -12224 (base 9) in base 3?
-102020211
What is 7002 (base 12) in base 6?
132002
What is -16156 (base 9) in base 5?
-323232
Convert -1301 (base 5) to base 11.
-173
Convert 11001110101000 (base 2) to base 9.
20123
Convert 52bb (base 14) to base 6.
150033
What is -2a75 (base 16) in base 13?
-4c41
20c (base 16) to base 4
20030
What is -500 (base 12) in base 2?
-1011010000
What is 45c4 (base 14) in base 12?
7028
What is -1111011101001 (base 2) in base 7?
-32033
-152141 (base 6) to base 3
-202020021
What is -111122 (base 4) in base 15?
-615
What is 1039 (base 10) in base 9?
1374
Convert -50251 (base 7) to base 16.
-2f6b
-12b9 (base 15) to base 9
-5433
-203231 (base 4) to base 13
-106a
What is -2122112 (base 4) in base 10?
-9878
-124332 (base 6) to base 14
-41d6
-237 (base 11) to base 12
-1b6
Convert 8491 (base 10) to base 16.
212b
661 (base 7) to base 2
101010001
What is 524 (base 8) in base 12?
244
813 (base 9) to base 8
1224
Convert 416 (base 13) to base 2.
1010110111
What is -111001111101 (base 2) in base 16?
-e7d
Convert 10101000100110 (base 2) to base 8.
25046
Convert 13676 (base 11) to base 9.
28603
What is 203 (base 11) in base 13?
15b
Convert 1ab9 (base 13) to base 6.
30411
What is 101122122 (base 3) in base 5?
222031
11485 (base 11) to base 5
1012144
Convert -5a63 (base 14) to base 11.
-10934
What is 402 (base 7) in base 2?
11000110
Convert 10001101110111 (base 2) to base 13.
4195
What is -110212201 (base 3) in base 11?
-7065
What is 210220 (base 3) in base 9?
726
Convert 31101 (base 6) to base 10.
4141
What is -5501 (base 6) in base 2?
-10011101101
What is -99 (base 10) in base 6?
-243
1201 (base 14) to base 2
110001000001
Convert 96b (base 12) to base 6.
10215
1114340 (base 5) to base 9
30348
-48645 (base 11) to base 6
-1300003
Convert -10101001 (base 2) to base 4.
-2221
What is 8054 (base 12) in base 8?
33100
Convert -259 (base 12) to base 6.
-1353
What is -689 (base 12) in base 13?
-597
Convert 3012 (base 8) to base 14.
7c6
130 (base 10) to base 3
11211
What is 302 (base 13) in base 11?
423
What is 21113 (base 5) in base 10?
1408
1000000010 (base 2) to base 12
36a
What is -212 (base 5) in base 10?
-57
What is 1a19 (base 12) in base 4?
301311
2a4 (base 15) to base 9
741
-280 (base 12) to base 16
-180
4350 (base 6) to base 7
2631
What is -4126 (base 8) in base 9?
-2831
Convert -12433 (base 6) to base 11.
-1471
What is 51775 (base 8) in base 9?
32440
13024 (base 5) to base 14
526
What is 106074 (base 9) in base 13?
22b8b
Convert -3000 (base 8) to base 15.
-6c6
-191 (base 11) to base 15
-eb
22220220 (base 4) to base 15
cd90
Convert -21102012 (base 3) to base 13.
-25ca
-1610 (base 9) to base 3
-1200100
Convert -10101011 (base 3) to base 6.
-15221
Convert -6210 (base 7) to base 10.
-2163
110231 (base 8) to base 6
443213
Convert 51750 (base 8) to base 12.
10520
Convert 110011010100 (base 2) to base 11.
2516
What is -2125 (base 8) in base 2?
-10001010101
Convert -ce9 (base 15) to base 12.
-1833
Convert -415 (base 13) to base 10.
-694
-2591 (base 12) to base 16
-10bd
Convert 1231022 (base 5) to base 15.
7127
What is 230200 (base 4) in base 2?
101100100000
What is -645c (base 14) in base 13?
-7b71
-309 (base 11) to base 8
-564
2be (base 16) to base 5
10302
What is 859 (base 11) in base 16?
408
What is -201 (base 12) in base 13?
-193
-102222201 (base 3) to base 7
-34324
What is 1321 (base 10) in base 13?
7a8
-2412 (base 5) to base 6
-1353
913 (base 14) to base 2
11011110101
Convert 11020010210 (base 3) to base 6.
1441120
Convert -1123002 (base 4) to base 8.
-13302
-28671 (base 12) to base 7
-322660
5578 (base 11) to base 14
2969
What is -247 (base 9) in base 15?
-da
What is -8872 (base 14) in base 16?
-5c44
-761 (base 9) to base 5
-4442
Convert -23660 (base 7) to base 14.
-2367
120332 (base 4) to base 15
718
What is 100000111000111 (base 2) in base 14?
61cb
126 (base 13) to base 8
311
33212 (base 5) to base 10
2307
Convert -1032 (base 4) to base 12.
-66
30240 (base 5) to base 3
2200001
Convert -71b0 (base 12) to base 8.
-30124
Convert -1301302 (base 4) to base 9.
-10881
212103 (base 4) to base 6
15203
What is -1012221 (base 3) in base 6?
-4041
What is 131853 (base 9) in base 4?
103210131
Convert 121110122 (base 3) to base 6.
131325
Convert -243616 (base 7) to base 12.
-2194a
-6834 (base 10) to base 14
-26c2
What is 8086 (base 13) in base 12?
a29a
-9a3 (base 13) to base 11
-1274
What is -429 (base 11) in base 3?
-201002
-56a (base 12) to base 8
-1442
-4102 (base 8) to base 13
-c68
What is -949 (base 10) in base 4?
-32311
-10000020 (base 3) to base 7
-6252
1124 (base 9) to base 2
1101000000
Convert -531 (base 9) to base 4.
-12301
2451 (base 15) to base 13
3694
-4 (base 12) to base 11
-4
What is -5367 (base 10) in base 13?
-259b
-24 (base 9) to base 12
-1a
-466 (base 12) to base 6
-3010
Convert -10a0 (base 16) to base 3.
-12211122
Convert -2a36 (base 12) to base 14.
-1b2a
Convert -2762 (base 10) to base 9.
-3708
341 (base 10) to base 5
2331
Convert 1230 (base 4) to base 8.
154
Convert 12350 (base 7) to base 13.
1646
Convert -1516 (base 11) to base 12.
-1169
Convert -3262 (base 8) to base 9.
-2314
Convert 1122 (base 5) to base 12.
116
-2052 (base 8) to base 16
-42a
Convert 43503 (base 6) to base 2.
1011101111111
-1286c (base 14) to base 3
-2022111201
Convert 10043 (base 6) to base 4.
110223
What is 583 (base 12) in base 3?
1010100
-1302 (base 6) to base 13
-1c1
Convert -100001101101 (base 2) to base 11.
-1691
Convert -103 (base 5) to base 15.
-1d
What is -11791 (base 10) in base 14?
-4423
Convert -2330 (base 4) to base 16.
-bc
-100222 (base 3) to base 9
-328
What is 2a7 (base 14) in base 2?
1000011011
-d4 (base 16) to base 14
-112
Convert -1221221 (base 3) to base 13.
-85c
-b3 (base 14) to base 5
-1112
What is 22122020 (base 3) in base 2?
1100010011001
What is -1704 (base 8) in base 13?
-592
What is -31a (base 15) in base 5?
-10300
What is 1153 (base 6) in base 12?
1b9
What is -116503 (base 7) in base 2?
-101010000001010
-998 (base 14) to base 13
-b30
Convert -804 (base 10) to base 15.
-389
Convert 785 (base 10) to base 11.
654
119aa (base 15) to base 13
1c75c
What is 22ba (base 16) in base 5?
241030
Convert 6270 (base 11) to base 5.
231210
2432 (base 7) to base 3
1020112
What is 1010010010101 (base 2) in base 6?
40221
-224021 (base 6) to base 8
-45115
Convert 11022001 (base 3) to base 7.
12064
-10011100110 (base 2) to base 15
-589
Convert -397 (base 10) to base 13.
-247
Convert 15421 (base 14) to base 12.
26785
What is -1e (base 16) in base 8?
-36
Convert -92b (base 16) to base 4.
-210223
What is -341242 (base 5) in base 15?
-389c
Convert 13012 (base 4) to base 2.
111000110
What is -3731 (base 13) in base 12?
-4632
Convert -1122 (base 7) to base 14.
-212
What is -222004 (base 5) in base 2?
-1111001001010
What is -22023 (base 4) in base 10?
-651
-1a68 (base 13) to base 2
-111110000101
-111010110 (base 2) to base 14
-258
2462 (base 7) to base 13
563
Convert -43c6 (base 16) to base 15.
-521a
What is -172 (base 14) in base 13?
-19a
What is -12643 (base 10) in base 15?
-3b2d
6004 (base 10) to base 11
4569
Convert -1649 (base 14) to base 15.
-12aa
1100001100010 (base 2) to base 11
4765
What is 221 (base 11) in base 7?
526
15324 (base 10) to base 15
4819
Convert -122201 (base 3) to base 4.
-13132
What is 153 (base 15) in base 7?
612
-594 (base 11) to base 12
-4b0
What is -24742 (base 10) in base 12?
-1239a
Convert -5a (base 11) to base 8.
-101
What is 12230 (base 4) in base 12?
2b8
What is -700 (base 13) in base 9?
-1554
-10424 (base 8) to base 12
-2644
-220213 (base 5) to base 6
-54554
Convert -231000 (base 4) to base 6.
-21200
What is 5185 (base 13) in base 9?
16404
Convert 376 (base 14) to base 15.
312
What is -22543 (base 6) in base 5?
-100411
23222 (base 4) to base 3
1000122
Convert 16559 (base 10) to base 12.
96bb
What is -1890 (base 10) in base 4?
-131202
Convert 52 (base 9) to base 5.
142
Convert -413 (base 6) to base 7.
-306
301232 (base 4) to base 9
4325
Convert 10000001001000000 (base 2) to base 13.
24127
105 (base 13) to base 6
450
Convert 12441 (base 6) to base 9.
2537
Convert -620 (base 10) to base 3.
-211222
-bda1 (base 16) to base 7
-261350
What is 13376 (base 9) in base 10?
9060
-667c (base 14)